{"id":424,"date":"2015-06-10T11:56:18","date_gmt":"2015-06-10T11:56:18","guid":{"rendered":"http:\/\/aeal.edu.pt\/?page_id=424"},"modified":"2015-06-10T11:56:18","modified_gmt":"2015-06-10T11:56:18","slug":"oferta-formativa-20162017","status":"publish","type":"page","link":"http:\/\/aeal.edu.pt\/portal\/oferta-formativa-20162017\/","title":{"rendered":"Oferta Formativa 2016\/2017"},"content":{"rendered":"<p>[vc_row css=&#8221;.vc_custom_1433937859438{border-top-width: 0px !important;border-bottom-width: 0px !important;padding-top: 0px !important;padding-right: 0px !important;padding-bottom: 0px !important;padding-left: 0px !important;background-color: #ffffff !important;}&#8221;][vc_column width=&#8221;1\/1&#8243;][contentbox][vc_column_text]<a href=\"http:\/\/aeal.edu.pt\/portal\/wp-content\/uploads\/2016\/06\/ofertaletiva20162017site.jpg\"><img fetchpriority=\"high\" decoding=\"async\" class=\" wp-image-1325 size-full alignleft\" src=\"http:\/\/aeal.edu.pt\/portal\/wp-content\/uploads\/2016\/06\/ofertaletiva20162017site.jpg\" alt=\"\" width=\"280\" height=\"373\" srcset=\"http:\/\/aeal.edu.pt\/portal\/wp-content\/uploads\/2016\/06\/ofertaletiva20162017site.jpg 280w, http:\/\/aeal.edu.pt\/portal\/wp-content\/uploads\/2016\/06\/ofertaletiva20162017site-225x300.jpg 225w\" sizes=\"(max-width: 280px) 100vw, 280px\" \/><\/a>Para o pr\u00f3ximo ano letivo a oferta formativa do nosso Agrupamento \u00e9 constitu\u00edda pelo seguinte:<\/p>\n<p><em><strong>Ensino B\u00e1sico:<\/strong> <\/em><br \/>\n&#8211; Pr\u00e9-Escolar<br \/>\n&#8211; 1\u00ba \/ 2\u00ba e 3\u00ba Ciclo<\/p>\n<p><em><strong>Cient\u00edfico-Human\u00edsticos:<\/strong> <\/em><br \/>\n&#8211; Ci\u00eancias e Tecnologias<br \/>\n&#8211; Ci\u00eancias Socioecon\u00f3micas<br \/>\n&#8211; Artes Visuais<\/p>\n<p><em><strong>Profissionais:<\/strong><\/em><br \/>\n&#8211; T\u00e9cnico de\u00a0Apoio \u00e0 Gest\u00e3o Desportiva<br \/>\n&#8211; T\u00e9cnico de Gest\u00e3o e Programa\u00e7\u00e3o de Sistemas Inform\u00e1ticos<br \/>\n&#8211; T\u00e9cnico de Multim\u00e9dia<br \/>\n&#8211; T\u00e9cnico de Mecatr\u00f3nica<\/p>\n<p><strong>Cursos CEF:<\/strong><br \/>\n&#8211;\u00a0Eletricista de Instala\u00e7\u00f5es<br \/>\n&#8211;\u00a0Operador de Est. de Tratamento de \u00c1guas<\/p>\n<p>&nbsp;<\/p>\n<p><strong>Cursos Vocacionais de n\u00edvel secund\u00e1rio:<\/strong><br \/>\n&#8211; T\u00e9cnico de\u00a0Electrotecnia\u00a0(2\u00baano)<br \/>\n&#8211; T\u00e9cnico de Design de Moda\u00a0(2\u00baano)[\/vc_column_text][\/contentbox][\/vc_column][\/vc_row]<\/p>\n","protected":false},"excerpt":{"rendered":"<p>[vc_row css=&#8221;.vc_custom_1433937859438{border-top-width: 0px !important;border-bottom-width: 0px !important;padding-top: 0px !important;padding-right: 0px !important;padding-bottom: 0px !important;padding-left: 0px !important;background-color: #ffffff !important;}&#8221;][vc_column width=&#8221;1\/1&#8243;][contentbox][vc_column_text]Para o pr\u00f3ximo ano letivo a oferta formativa do nosso Agrupamento \u00e9 constitu\u00edda pelo seguinte: Ensino B\u00e1sico: &#8211; Pr\u00e9-Escolar &#8211; 1\u00ba \/ 2\u00ba e 3\u00ba Ciclo Cient\u00edfico-Human\u00edsticos: &#8211; Ci\u00eancias&nbsp;<a href=\"http:\/\/aeal.edu.pt\/portal\/oferta-formativa-20162017\/\">&hellip;<\/a><\/p>\n","protected":false},"author":1,"featured_media":449,"parent":0,"menu_order":0,"comment_status":"closed","ping_status":"closed","template":"","meta":{"footnotes":""},"class_list":["post-424","page","type-page","status-publish","has-post-thumbnail","hentry","odd"],"_links":{"self":[{"href":"http:\/\/aeal.edu.pt\/portal\/wp-json\/wp\/v2\/pages\/424","targetHints":{"allow":["GET"]}}],"collection":[{"href":"http:\/\/aeal.edu.pt\/portal\/wp-json\/wp\/v2\/pages"}],"about":[{"href":"http:\/\/aeal.edu.pt\/portal\/wp-json\/wp\/v2\/types\/page"}],"author":[{"embeddable":true,"href":"http:\/\/aeal.edu.pt\/portal\/wp-json\/wp\/v2\/users\/1"}],"replies":[{"embeddable":true,"href":"http:\/\/aeal.edu.pt\/portal\/wp-json\/wp\/v2\/comments?post=424"}],"version-history":[{"count":0,"href":"http:\/\/aeal.edu.pt\/portal\/wp-json\/wp\/v2\/pages\/424\/revisions"}],"wp:featuredmedia":[{"embeddable":true,"href":"http:\/\/aeal.edu.pt\/portal\/wp-json\/wp\/v2\/media\/449"}],"wp:attachment":[{"href":"http:\/\/aeal.edu.pt\/portal\/wp-json\/wp\/v2\/media?parent=424"}],"curies":[{"name":"wp","href":"https:\/\/api.w.org\/{rel}","templated":true}]}}

<p>[vc_row css=&#8221;.vc_custom_1433937859438{border-top-width: 0px !important;border-bottom-width: 0px !important;padding-top: 0px !important;padding-right: 0px !important;padding-bottom: 0px !important;padding-left: 0px !important;background-color: #ffffff !important;}&#8221;][vc_column width=&#8221;1/1&#8243;][contentbox][vc_column_text]<a href="http://aeal.edu.pt/portal/wp-content/uploads/2016/06/ofertaletiva20162017site.jpg"><img fetchpriority="high" decoding="async" class=" wp-image-1325 size-full alignleft" src="http://aeal.edu.pt/portal/wp-content/uploads/2016/06/ofertaletiva20162017site.jpg" alt="" width="280" height="373" srcset="http://aeal.edu.pt/portal/wp-content/uploads/2016/06/ofertaletiva20162017site.jpg 280w, http://aeal.edu.pt/portal/wp-content/uploads/2016/06/ofertaletiva20162017site-225x300.jpg 225w" sizes="(max-width: 280px) 100vw, 280px" /></a>Para o próximo ano letivo a oferta formativa do nosso Agrupamento é constituída pelo seguinte:</p>
<p><em><strong>Ensino Básico:</strong> </em><br />
&#8211; Pré-Escolar<br />
&#8211; 1º / 2º e 3º Ciclo</p>
<p><em><strong>Científico-Humanísticos:</strong> </em><br />
&#8211; Ciências e Tecnologias<br />
&#8211; Ciências Socioeconómicas<br />
&#8211; Artes Visuais</p>
<p><em><strong>Profissionais:</strong></em><br />
&#8211; Técnico de Apoio à Gestão Desportiva<br />
&#8211; Técnico de Gestão e Programação de Sistemas Informáticos<br />
&#8211; Técnico de Multimédia<br />
&#8211; Técnico de Mecatrónica</p>
<p><strong>Cursos CEF:</strong><br />
&#8211; Eletricista de Instalações<br />
&#8211; Operador de Est. de Tratamento de Águas</p>
<p>&nbsp;</p>
<p><strong>Cursos Vocacionais de nível secundário:</strong><br />
&#8211; Técnico de Electrotecnia (2ºano)<br />
&#8211; Técnico de Design de Moda (2ºano)[/vc_column_text][/contentbox][/vc_column][/vc_row]</p>

<p>[vc_row css=&#8221;.vc_custom_1433937859438{border-top-width: 0px !important;border-bottom-width: 0px !important;padding-top: 0px !important;padding-right: 0px !important;padding-bottom: 0px !important;padding-left: 0px !important;background-color: #ffffff !important;}&#8221;][vc_column width=&#8221;1/1&#8243;][contentbox][vc_column_text]Para o próximo ano letivo a oferta formativa do nosso Agrupamento é constituída pelo seguinte: Ensino Básico: &#8211; Pré-Escolar &#8211; 1º / 2º e 3º Ciclo Científico-Humanísticos: &#8211; Ciências&nbsp;<a href="http://aeal.edu.pt/portal/oferta-formativa-20162017/">&hellip;</a></p>
