{"id":4831,"date":"2021-11-16T15:40:05","date_gmt":"2021-11-16T15:40:05","guid":{"rendered":"http:\/\/aeal.edu.pt\/portal\/?page_id=4831"},"modified":"2026-01-09T11:15:54","modified_gmt":"2026-01-09T11:15:54","slug":"conselho-geral-2","status":"publish","type":"page","link":"http:\/\/aeal.edu.pt\/portal\/conselho-geral-2\/","title":{"rendered":"Conselho Geral"},"content":{"rendered":"<p style=\"text-align: center;\"><strong>Composi\u00e7\u00e3o do Conselho Geral do Agrupamento de Escolas Amato Lusitano<\/strong><\/p>\n<p style=\"text-align: center;\"><strong>2025\/2027<\/strong><\/p>\n<p><strong>PESSOAL DOCENTE<\/strong><\/p>\n<p>Filipa Correia \u2013 Presidente do Conselho Geral<\/p>\n<p>Joaquim Carmona<\/p>\n<p>Jos\u00e9 Santos<\/p>\n<p>Alzira Santos<\/p>\n<p>Lu\u00eds Carronda Ribeiro<\/p>\n<p>S\u00f3nia Gon\u00e7alves<\/p>\n<p>Lurdes Picado<\/p>\n<p>Olinda Delgado<\/p>\n<p><strong>PESSOAL N\u00c3O DOCENTE<\/strong><\/p>\n<p>Angelica Pinto<\/p>\n<p>S\u00e9rgio Almeida<\/p>\n<p><strong>PAIS \/ ENCARREGADOS DE EDUCA\u00c7\u00c3O<\/strong><\/p>\n<p>Paulo Ralha<\/p>\n<p>Gon\u00e7alo Eduardo<\/p>\n<p>Maria Jo\u00e3o Geraldes<\/p>\n<p><strong>ALUNOS<\/strong><\/p>\n<p>Madalena Malh\u00e3o Alves<\/p>\n<p>Jo\u00e3o Miguel Mota Fernandes<\/p>\n<p><strong>MUNIC\u00cdPIO<\/strong><\/p>\n<p>S\u00f3nia Cristina Crist\u00f3v\u00e3o Mexia<\/p>\n<p>Christelle Varanda Domingos<\/p>\n<p>Maria de F\u00e1tima da Silva Martins dos Santos<\/p>\n<p>&nbsp;<\/p>\n<p><strong>COMUNIDADE<\/strong><\/p>\n<p><strong>\u00a0<\/strong>Ant\u00f3nio Fernandes &#8211; (IPCB)<\/p>\n<p>Maria de Lurdes Pombo &#8211; (APPACDM)<\/p>\n<p>Adelino Sousa &#8211; (PSP)<\/p>\n","protected":false},"excerpt":{"rendered":"<p>Composi\u00e7\u00e3o do Conselho Geral do Agrupamento de Escolas Amato Lusitano 2025\/2027 PESSOAL DOCENTE Filipa Correia \u2013 Presidente do Conselho Geral Joaquim Carmona Jos\u00e9 Santos Alzira Santos Lu\u00eds Carronda Ribeiro S\u00f3nia Gon\u00e7alves Lurdes Picado Olinda Delgado PESSOAL N\u00c3O DOCENTE Angelica Pinto S\u00e9rgio Almeida PAIS \/ ENCARREGADOS&nbsp;<a href=\"http:\/\/aeal.edu.pt\/portal\/conselho-geral-2\/\">&hellip;<\/a><\/p>\n","protected":false},"author":1,"featured_media":0,"parent":0,"menu_order":0,"comment_status":"closed","ping_status":"closed","template":"","meta":{"footnotes":""},"class_list":["post-4831","page","type-page","status-publish","hentry","odd"],"_links":{"self":[{"href":"http:\/\/aeal.edu.pt\/portal\/wp-json\/wp\/v2\/pages\/4831","targetHints":{"allow":["GET"]}}],"collection":[{"href":"http:\/\/aeal.edu.pt\/portal\/wp-json\/wp\/v2\/pages"}],"about":[{"href":"http:\/\/aeal.edu.pt\/portal\/wp-json\/wp\/v2\/types\/page"}],"author":[{"embeddable":true,"href":"http:\/\/aeal.edu.pt\/portal\/wp-json\/wp\/v2\/users\/1"}],"replies":[{"embeddable":true,"href":"http:\/\/aeal.edu.pt\/portal\/wp-json\/wp\/v2\/comments?post=4831"}],"version-history":[{"count":12,"href":"http:\/\/aeal.edu.pt\/portal\/wp-json\/wp\/v2\/pages\/4831\/revisions"}],"predecessor-version":[{"id":8211,"href":"http:\/\/aeal.edu.pt\/portal\/wp-json\/wp\/v2\/pages\/4831\/revisions\/8211"}],"wp:attachment":[{"href":"http:\/\/aeal.edu.pt\/portal\/wp-json\/wp\/v2\/media?parent=4831"}],"curies":[{"name":"wp","href":"https:\/\/api.w.org\/{rel}","templated":true}]}}

<p style="text-align: center;"><strong>Composição do Conselho Geral do Agrupamento de Escolas Amato Lusitano</strong></p>
<p style="text-align: center;"><strong>2025/2027</strong></p>
<p><strong>PESSOAL DOCENTE</strong></p>
<p>Filipa Correia – Presidente do Conselho Geral</p>
<p>Joaquim Carmona</p>
<p>José Santos</p>
<p>Alzira Santos</p>
<p>Luís Carronda Ribeiro</p>
<p>Sónia Gonçalves</p>
<p>Lurdes Picado</p>
<p>Olinda Delgado</p>
<p><strong>PESSOAL NÃO DOCENTE</strong></p>
<p>Angelica Pinto</p>
<p>Sérgio Almeida</p>
<p><strong>PAIS / ENCARREGADOS DE EDUCAÇÃO</strong></p>
<p>Paulo Ralha</p>
<p>Gonçalo Eduardo</p>
<p>Maria João Geraldes</p>
<p><strong>ALUNOS</strong></p>
<p>Madalena Malhão Alves</p>
<p>João Miguel Mota Fernandes</p>
<p><strong>MUNICÍPIO</strong></p>
<p>Sónia Cristina Cristóvão Mexia</p>
<p>Christelle Varanda Domingos</p>
<p>Maria de Fátima da Silva Martins dos Santos</p>
<p>&nbsp;</p>
<p><strong>COMUNIDADE</strong></p>
<p><strong> </strong>António Fernandes &#8211; (IPCB)</p>
<p>Maria de Lurdes Pombo &#8211; (APPACDM)</p>
<p>Adelino Sousa &#8211; (PSP)</p>

<p>Composição do Conselho Geral do Agrupamento de Escolas Amato Lusitano 2025/2027 PESSOAL DOCENTE Filipa Correia – Presidente do Conselho Geral Joaquim Carmona José Santos Alzira Santos Luís Carronda Ribeiro Sónia Gonçalves Lurdes Picado Olinda Delgado PESSOAL NÃO DOCENTE Angelica Pinto Sérgio Almeida PAIS / ENCARREGADOS&nbsp;<a href="http://aeal.edu.pt/portal/conselho-geral-2/">&hellip;</a></p>
