{"id":4867,"date":"2021-11-16T16:20:01","date_gmt":"2021-11-16T16:20:01","guid":{"rendered":"http:\/\/aeal.edu.pt\/portal\/?page_id=4867"},"modified":"2025-09-29T17:31:20","modified_gmt":"2025-09-29T16:31:20","slug":"calendario-escolar","status":"publish","type":"page","link":"http:\/\/aeal.edu.pt\/portal\/calendario-escolar\/","title":{"rendered":"Calend\u00e1rio Escolar"},"content":{"rendered":"<h2>Calend\u00e1rio Escolar 2025\/2026<\/h2>\n<div class=\"fusion-layout-column fusion_builder_column fusion-builder-column-10 fusion_builder_column_1_1 1_1 fusion-flex-column\">\n<div class=\"fusion-column-wrapper fusion-flex-justify-content-flex-start fusion-content-layout-column\">\n<div class=\"fusion-text fusion-text-1\">Calend\u00e1rio de funcionamento das atividades educativas e letivas dos estabelecimentos p\u00fablicos da educa\u00e7\u00e3o pr\u00e9-escolar e dos ensinos b\u00e1sico e secund\u00e1rio:<\/div>\n<\/div>\n<\/div>\n<div class=\"fusion-layout-column fusion_builder_column fusion-builder-column-11 fusion_builder_column_1_1 1_1 fusion-flex-column\">\n<div class=\"fusion-column-wrapper fusion-flex-justify-content-flex-start fusion-content-layout-column\">\n<div class=\"table-2\">\n<table class=\"uk-table uk-table-striped uk-table-hover\" style=\"width: 100%; border-collapse: collapse;\">\n<thead>\n<tr style=\"background-color: #cce5ff; font-size: 18px; font-weight: bold;\">\n<th>Per\u00edodo letivo<\/th>\n<th>In\u00edcio<\/th>\n<th>Fim<\/th>\n<\/tr>\n<\/thead>\n<tbody>\n<tr class=\"el-item\">\n<td>1\u00ba Per\u00edodo<\/td>\n<td>Entre 11 e 15 de setembro de 2025<\/td>\n<td>16 de dezembro de 2025<\/td>\n<\/tr>\n<tr class=\"el-item\">\n<td>2\u00ba Per\u00edodo<\/td>\n<td>5 de janeiro de 2026<\/td>\n<td>27 de mar\u00e7o de 2026<\/td>\n<\/tr>\n<tr class=\"el-item\">\n<td>3\u00ba Per\u00edodo<\/td>\n<td>13 de abril de 2026<\/td>\n<td>5 de junho de 2026 \u2014 9.\u00ba, 11.\u00ba e 12.\u00ba anos<br \/>\n12 de junho de 2026 \u2014 5.\u00ba a 10.\u00ba anos<br \/>\n30 de junho de 2026 \u2014 educa\u00e7\u00e3o pr\u00e9-escolar e 1.\u00ba ciclo<\/td>\n<\/tr>\n<\/tbody>\n<\/table>\n<\/div>\n<\/div>\n<\/div>\n","protected":false},"excerpt":{"rendered":"<p>Calend\u00e1rio Escolar 2025\/2026 Calend\u00e1rio de funcionamento das atividades educativas e letivas dos estabelecimentos p\u00fablicos da educa\u00e7\u00e3o pr\u00e9-escolar e dos ensinos b\u00e1sico e secund\u00e1rio: Per\u00edodo letivo In\u00edcio Fim 1\u00ba Per\u00edodo Entre 11 e 15 de setembro de 2025 16 de dezembro de 2025 2\u00ba Per\u00edodo 5&nbsp;<a href=\"http:\/\/aeal.edu.pt\/portal\/calendario-escolar\/\">&hellip;<\/a><\/p>\n","protected":false},"author":1,"featured_media":0,"parent":0,"menu_order":0,"comment_status":"closed","ping_status":"closed","template":"","meta":{"footnotes":""},"class_list":["post-4867","page","type-page","status-publish","hentry","odd"],"_links":{"self":[{"href":"http:\/\/aeal.edu.pt\/portal\/wp-json\/wp\/v2\/pages\/4867","targetHints":{"allow":["GET"]}}],"collection":[{"href":"http:\/\/aeal.edu.pt\/portal\/wp-json\/wp\/v2\/pages"}],"about":[{"href":"http:\/\/aeal.edu.pt\/portal\/wp-json\/wp\/v2\/types\/page"}],"author":[{"embeddable":true,"href":"http:\/\/aeal.edu.pt\/portal\/wp-json\/wp\/v2\/users\/1"}],"replies":[{"embeddable":true,"href":"http:\/\/aeal.edu.pt\/portal\/wp-json\/wp\/v2\/comments?post=4867"}],"version-history":[{"count":11,"href":"http:\/\/aeal.edu.pt\/portal\/wp-json\/wp\/v2\/pages\/4867\/revisions"}],"predecessor-version":[{"id":8104,"href":"http:\/\/aeal.edu.pt\/portal\/wp-json\/wp\/v2\/pages\/4867\/revisions\/8104"}],"wp:attachment":[{"href":"http:\/\/aeal.edu.pt\/portal\/wp-json\/wp\/v2\/media?parent=4867"}],"curies":[{"name":"wp","href":"https:\/\/api.w.org\/{rel}","templated":true}]}}