{"id":946,"date":"2015-11-23T10:00:53","date_gmt":"2015-11-23T10:00:53","guid":{"rendered":"http:\/\/aeal.edu.pt\/?page_id=946"},"modified":"2015-11-23T10:00:53","modified_gmt":"2015-11-23T10:00:53","slug":"orquestra-vai-a-escola","status":"publish","type":"page","link":"http:\/\/aeal.edu.pt\/portal\/orquestra-vai-a-escola\/","title":{"rendered":"Orquestra vai \u00e0 Escola"},"content":{"rendered":"<p style=\"text-align: justify;\">Num final de tarde, a 20 de novembro, sob o mote \u201cESAL \u00e9 M\u00fasica\u201d, teve lugar um concerto de jovens m\u00fasicos da Orquestra Sinf\u00f3nica da ESART. Esta orquestra nasceu como orquestra de C\u00e2mara, sendo apresentada ao p\u00fablico a 4 de dezembro de 2001, no Cine-Teatro Avenida de Castelo Branco, sob a dire\u00e7\u00e3o do Professor Jos\u00e9 Raimundo, atual diretor da ESART.<\/p>\n<p style=\"text-align: justify;\">O Senhor Diretor, Dr. Jo\u00e3o Bel\u00e9m, fez as honras da casa e proferiu umas palavras am\u00e1veis de boas-vindas dirigidas \u00e0s entidades presentes, aos m\u00fasicos e ao p\u00fablico.<\/p>\n<p style=\"text-align: justify;\">Fazendo <em>jus<\/em> ao merecido apre\u00e7o e reconhecimento da nossa cidade albicastrense, os m\u00fasicos que integram a orquestra, sob a esclarecida batuta do Maestro Jos\u00e9 Eduardo Gomes, ofereceram Momentos de puro deleite \u00e0queles que tiveram o privil\u00e9gio de estar na plateia.<\/p>\n<p style=\"text-align: justify;\">Num estabelecimento de ensino, este tipo de iniciativa coloca em evid\u00eancia o importante papel da m\u00fasica na forma\u00e7\u00e3o dos jovens, pois fomenta a consci\u00eancia do poder da m\u00fasica como elemento de comunica\u00e7\u00e3o, que desperta emo\u00e7\u00f5es e muito orgulho. Jovens talentos que levam a m\u00fasica erudita, rom\u00e2ntica (do s\u00e9culo XX) e contempor\u00e2nea, a toda uma juventude! Quanto ao p\u00fablico mais maduro, acompanhou com um brilhozinho nos olhos a execu\u00e7\u00e3o das tr\u00eas pe\u00e7as: <em>Zapping<\/em>, de Lu\u00eds Tinoco; <em>Rhapsody in Blue,<\/em> de George Gershwin, superiormente interpretada pelo solista Armando Mota, e a Sinfonia<em> n\u00ba5,<\/em> de P. Tchaikovsky.<\/p>\n<p style=\"text-align: justify;\">No final, numerosos e prolongados aplausos, de um p\u00fablico em p\u00e9. De alma cheia.<\/p>\n<p><a href=\"http:\/\/aeal.edu.pt\/wp-content\/uploads\/2015\/11\/586_2095.00_13_20_14.Still001.jpg\"><img fetchpriority=\"high\" decoding=\"async\" class=\"alignnone size-full wp-image-950\" src=\"http:\/\/aeal.edu.pt\/wp-content\/uploads\/2015\/11\/586_2095.00_13_20_14.Still001.jpg\" alt=\"586_2095.00_13_20_14.Still001\" width=\"800\" height=\"450\" srcset=\"http:\/\/aeal.edu.pt\/portal\/wp-content\/uploads\/2015\/11\/586_2095.00_13_20_14.Still001.jpg 800w, http:\/\/aeal.edu.pt\/portal\/wp-content\/uploads\/2015\/11\/586_2095.00_13_20_14.Still001-300x169.jpg 300w\" sizes=\"(max-width: 800px) 100vw, 800px\" \/><\/a> <a href=\"http:\/\/aeal.edu.pt\/wp-content\/uploads\/2015\/11\/585_1547.00_40_19_17.Still003.jpg\"><img decoding=\"async\" class=\"alignnone size-full wp-image-949\" src=\"http:\/\/aeal.edu.pt\/wp-content\/uploads\/2015\/11\/585_1547.00_40_19_17.Still003.jpg\" alt=\"585_1547.00_40_19_17.Still003\" width=\"800\" height=\"450\" srcset=\"http:\/\/aeal.edu.pt\/portal\/wp-content\/uploads\/2015\/11\/585_1547.00_40_19_17.Still003.jpg 800w, http:\/\/aeal.edu.pt\/portal\/wp-content\/uploads\/2015\/11\/585_1547.00_40_19_17.Still003-300x169.jpg 300w\" sizes=\"(max-width: 800px) 100vw, 800px\" \/><\/a> <a href=\"http:\/\/aeal.edu.pt\/wp-content\/uploads\/2015\/11\/585_1547.00_05_36_24.Still001.jpg\"><img decoding=\"async\" class=\"alignnone size-full wp-image-948\" src=\"http:\/\/aeal.edu.pt\/wp-content\/uploads\/2015\/11\/585_1547.00_05_36_24.Still001.jpg\" alt=\"585_1547.00_05_36_24.Still001\" width=\"800\" height=\"450\" srcset=\"http:\/\/aeal.edu.pt\/portal\/wp-content\/uploads\/2015\/11\/585_1547.00_05_36_24.Still001.jpg 800w, http:\/\/aeal.edu.pt\/portal\/wp-content\/uploads\/2015\/11\/585_1547.00_05_36_24.Still001-300x169.jpg 300w\" sizes=\"(max-width: 800px) 100vw, 800px\" \/><\/a> <a href=\"http:\/\/aeal.edu.pt\/wp-content\/uploads\/2015\/11\/585_1547.00_04_21_20.Still002.jpg\"><img loading=\"lazy\" decoding=\"async\" class=\"alignnone size-full wp-image-947\" src=\"http:\/\/aeal.edu.pt\/wp-content\/uploads\/2015\/11\/585_1547.00_04_21_20.Still002.jpg\" alt=\"585_1547.00_04_21_20.Still002\" width=\"800\" height=\"450\" srcset=\"http:\/\/aeal.edu.pt\/portal\/wp-content\/uploads\/2015\/11\/585_1547.00_04_21_20.Still002.jpg 800w, http:\/\/aeal.edu.pt\/portal\/wp-content\/uploads\/2015\/11\/585_1547.00_04_21_20.Still002-300x169.jpg 300w\" sizes=\"(max-width: 800px) 100vw, 800px\" \/><\/a> <a href=\"http:\/\/aeal.edu.pt\/wp-content\/uploads\/2015\/11\/diploma_site.jpg\"><img loading=\"lazy\" decoding=\"async\" class=\"alignnone size-full wp-image-935\" src=\"http:\/\/aeal.edu.pt\/wp-content\/uploads\/2015\/11\/diploma_site.jpg\" alt=\"diploma_site\" width=\"640\" height=\"424\" srcset=\"http:\/\/aeal.edu.pt\/portal\/wp-content\/uploads\/2015\/11\/diploma_site.jpg 640w, http:\/\/aeal.edu.pt\/portal\/wp-content\/uploads\/2015\/11\/diploma_site-300x199.jpg 300w\" sizes=\"(max-width: 640px) 100vw, 640px\" \/><\/a><\/p>\n","protected":false},"excerpt":{"rendered":"<p>Num final de tarde, a 20 de novembro, sob o mote \u201cESAL \u00e9 M\u00fasica\u201d, teve lugar um concerto de jovens m\u00fasicos da Orquestra Sinf\u00f3nica da ESART. Esta orquestra nasceu como orquestra de C\u00e2mara, sendo apresentada ao p\u00fablico a 4 de dezembro de 2001, no Cine-Teatro&nbsp;<a href=\"http:\/\/aeal.edu.pt\/portal\/orquestra-vai-a-escola\/\">&hellip;<\/a><\/p>\n","protected":false},"author":1,"featured_media":951,"parent":0,"menu_order":0,"comment_status":"closed","ping_status":"closed","template":"","meta":{"footnotes":""},"class_list":["post-946","page","type-page","status-publish","has-post-thumbnail","hentry","odd"],"_links":{"self":[{"href":"http:\/\/aeal.edu.pt\/portal\/wp-json\/wp\/v2\/pages\/946","targetHints":{"allow":["GET"]}}],"collection":[{"href":"http:\/\/aeal.edu.pt\/portal\/wp-json\/wp\/v2\/pages"}],"about":[{"href":"http:\/\/aeal.edu.pt\/portal\/wp-json\/wp\/v2\/types\/page"}],"author":[{"embeddable":true,"href":"http:\/\/aeal.edu.pt\/portal\/wp-json\/wp\/v2\/users\/1"}],"replies":[{"embeddable":true,"href":"http:\/\/aeal.edu.pt\/portal\/wp-json\/wp\/v2\/comments?post=946"}],"version-history":[{"count":0,"href":"http:\/\/aeal.edu.pt\/portal\/wp-json\/wp\/v2\/pages\/946\/revisions"}],"wp:featuredmedia":[{"embeddable":true,"href":"http:\/\/aeal.edu.pt\/portal\/wp-json\/wp\/v2\/media\/951"}],"wp:attachment":[{"href":"http:\/\/aeal.edu.pt\/portal\/wp-json\/wp\/v2\/media?parent=946"}],"curies":[{"name":"wp","href":"https:\/\/api.w.org\/{rel}","templated":true}]}}

Orquestra vai à Escola

<p style="text-align: justify;">Num final de tarde, a 20 de novembro, sob o mote “ESAL é Música”, teve lugar um concerto de jovens músicos da Orquestra Sinfónica da ESART. Esta orquestra nasceu como orquestra de Câmara, sendo apresentada ao público a 4 de dezembro de 2001, no Cine-Teatro Avenida de Castelo Branco, sob a direção do Professor José Raimundo, atual diretor da ESART.</p>
<p style="text-align: justify;">O Senhor Diretor, Dr. João Belém, fez as honras da casa e proferiu umas palavras amáveis de boas-vindas dirigidas às entidades presentes, aos músicos e ao público.</p>
<p style="text-align: justify;">Fazendo <em>jus</em> ao merecido apreço e reconhecimento da nossa cidade albicastrense, os músicos que integram a orquestra, sob a esclarecida batuta do Maestro José Eduardo Gomes, ofereceram Momentos de puro deleite àqueles que tiveram o privilégio de estar na plateia.</p>
<p style="text-align: justify;">Num estabelecimento de ensino, este tipo de iniciativa coloca em evidência o importante papel da música na formação dos jovens, pois fomenta a consciência do poder da música como elemento de comunicação, que desperta emoções e muito orgulho. Jovens talentos que levam a música erudita, romântica (do século XX) e contemporânea, a toda uma juventude! Quanto ao público mais maduro, acompanhou com um brilhozinho nos olhos a execução das três peças: <em>Zapping</em>, de Luís Tinoco; <em>Rhapsody in Blue,</em> de George Gershwin, superiormente interpretada pelo solista Armando Mota, e a Sinfonia<em> nº5,</em> de P. Tchaikovsky.</p>
<p style="text-align: justify;">No final, numerosos e prolongados aplausos, de um público em pé. De alma cheia.</p>
<p><a href="http://aeal.edu.pt/wp-content/uploads/2015/11/586_2095.00_13_20_14.Still001.jpg"><img fetchpriority="high" decoding="async" class="alignnone size-full wp-image-950" src="http://aeal.edu.pt/wp-content/uploads/2015/11/586_2095.00_13_20_14.Still001.jpg" alt="586_2095.00_13_20_14.Still001" width="800" height="450" srcset="http://aeal.edu.pt/portal/wp-content/uploads/2015/11/586_2095.00_13_20_14.Still001.jpg 800w, http://aeal.edu.pt/portal/wp-content/uploads/2015/11/586_2095.00_13_20_14.Still001-300x169.jpg 300w" sizes="(max-width: 800px) 100vw, 800px" /></a> <a href="http://aeal.edu.pt/wp-content/uploads/2015/11/585_1547.00_40_19_17.Still003.jpg"><img decoding="async" class="alignnone size-full wp-image-949" src="http://aeal.edu.pt/wp-content/uploads/2015/11/585_1547.00_40_19_17.Still003.jpg" alt="585_1547.00_40_19_17.Still003" width="800" height="450" srcset="http://aeal.edu.pt/portal/wp-content/uploads/2015/11/585_1547.00_40_19_17.Still003.jpg 800w, http://aeal.edu.pt/portal/wp-content/uploads/2015/11/585_1547.00_40_19_17.Still003-300x169.jpg 300w" sizes="(max-width: 800px) 100vw, 800px" /></a> <a href="http://aeal.edu.pt/wp-content/uploads/2015/11/585_1547.00_05_36_24.Still001.jpg"><img decoding="async" class="alignnone size-full wp-image-948" src="http://aeal.edu.pt/wp-content/uploads/2015/11/585_1547.00_05_36_24.Still001.jpg" alt="585_1547.00_05_36_24.Still001" width="800" height="450" srcset="http://aeal.edu.pt/portal/wp-content/uploads/2015/11/585_1547.00_05_36_24.Still001.jpg 800w, http://aeal.edu.pt/portal/wp-content/uploads/2015/11/585_1547.00_05_36_24.Still001-300x169.jpg 300w" sizes="(max-width: 800px) 100vw, 800px" /></a> <a href="http://aeal.edu.pt/wp-content/uploads/2015/11/585_1547.00_04_21_20.Still002.jpg"><img loading="lazy" decoding="async" class="alignnone size-full wp-image-947" src="http://aeal.edu.pt/wp-content/uploads/2015/11/585_1547.00_04_21_20.Still002.jpg" alt="585_1547.00_04_21_20.Still002" width="800" height="450" srcset="http://aeal.edu.pt/portal/wp-content/uploads/2015/11/585_1547.00_04_21_20.Still002.jpg 800w, http://aeal.edu.pt/portal/wp-content/uploads/2015/11/585_1547.00_04_21_20.Still002-300x169.jpg 300w" sizes="(max-width: 800px) 100vw, 800px" /></a> <a href="http://aeal.edu.pt/wp-content/uploads/2015/11/diploma_site.jpg"><img loading="lazy" decoding="async" class="alignnone size-full wp-image-935" src="http://aeal.edu.pt/wp-content/uploads/2015/11/diploma_site.jpg" alt="diploma_site" width="640" height="424" srcset="http://aeal.edu.pt/portal/wp-content/uploads/2015/11/diploma_site.jpg 640w, http://aeal.edu.pt/portal/wp-content/uploads/2015/11/diploma_site-300x199.jpg 300w" sizes="(max-width: 640px) 100vw, 640px" /></a></p>

<p>Num final de tarde, a 20 de novembro, sob o mote “ESAL é Música”, teve lugar um concerto de jovens músicos da Orquestra Sinfónica da ESART. Esta orquestra nasceu como orquestra de Câmara, sendo apresentada ao público a 4 de dezembro de 2001, no Cine-Teatro&nbsp;<a href="http://aeal.edu.pt/portal/orquestra-vai-a-escola/">&hellip;</a></p>
